{"id":418,"date":"2017-03-18T16:17:12","date_gmt":"2017-03-18T15:17:12","guid":{"rendered":"http:\/\/www.ergoteam-demenz.at\/?page_id=418"},"modified":"2017-03-21T23:31:34","modified_gmt":"2017-03-21T22:31:34","slug":"workshop-pflege","status":"publish","type":"page","link":"https:\/\/www.ergoteam-demenz.at\/?page_id=418","title":{"rendered":"Workshop Pflege"},"content":{"rendered":"<h3><span style=\"color: #999999;\"><strong>&#8222;Alltag Demenz&#8220;<br \/>\nf\u00fcr Pflegekr\u00e4fte<\/strong><img loading=\"lazy\" decoding=\"async\" class=\" wp-image-419 alignright\" src=\"http:\/\/www.ergoteam-demenz.at\/wp-content\/uploads\/2017\/03\/Postkarte.jpg\" alt=\"\" width=\"349\" height=\"264\" \/><\/span><\/h3>\n<p>&nbsp;<\/p>\n<p><strong>Zielgruppe<\/strong>:<br \/>\nPflegepersonen aller Levels<\/p>\n<p><strong><br \/>\nKursziele:<\/strong><\/p>\n<p>Die Teilnehmerinnen<\/p>\n<ul>\n<li>erhalten ein Grundwissen zum Thema Demenz (Verlauf, Formen, Symptome\u2026)<\/li>\n<li>lernen die Problemsituation von Menschen mit Demenz kennen und k\u00f6nnen im Arbeitsalltag professionell damit umgehen<\/li>\n<li>erhalten Tipps zu einer gelingenden Kommunikation<\/li>\n<li>lernen M\u00f6glichkeiten zur Freizeit- und Alltagsgestaltung kennen<\/li>\n<\/ul>\n<p><strong>Beschreibung:<\/strong><\/p>\n<p>Die Kursteilnehmer\/Innen erfahren im Seminar, wie sie mit Menschen mit Demenz in einen wertsch\u00e4tzenden Kontakt treten k\u00f6nnen und in ihrem Arbeitsalltag mit m\u00f6glichen schwierigen Situationen professionell umgehen.<\/p>\n<p><strong>Inhalte:<\/strong><\/p>\n<ul>\n<li>Theoretische Grundlagen zum Krankheitsbild Demenz<\/li>\n<li>Kennenlernen von h\u00e4ufigen Symptomen und deren Auswirkungen<\/li>\n<li>Grundlagen der Kommunikation bei Demenz<\/li>\n<li>M\u00f6glichkeiten zur Erhaltung der Selbstst\u00e4ndigkeit und Unterst\u00fctzung der Tagesstruktur<\/li>\n<li>Vorschl\u00e4ge f\u00fcr sinnvolle Bet\u00e4tigung f\u00fcr Menschen mit Demenz<\/li>\n<li>Bearbeiten konkreter Fragestellungen aus der Praxis und aufzeigen von L\u00f6sungsans\u00e4tzen<\/li>\n<li>die Rolle der Angeh\u00f6rigen<\/li>\n<\/ul>\n<p><strong>Dauer<\/strong>: ganzt\u00e4gig<\/p>\n<p>2 Referentinnen, da viel in Kleingruppen gearbeitet wird.<\/p>\n","protected":false},"excerpt":{"rendered":"<p>&#8222;Alltag Demenz&#8220; f\u00fcr Pflegekr\u00e4fte &nbsp; Zielgruppe: Pflegepersonen aller Levels Kursziele: Die Teilnehmerinnen erhalten ein Grundwissen zum Thema Demenz (Verlauf, Formen, Symptome\u2026) lernen die Problemsituation von Menschen mit Demenz kennen und k\u00f6nnen im Arbeitsalltag professionell damit umgehen erhalten Tipps zu einer gelingenden Kommunikation lernen M\u00f6glichkeiten zur Freizeit- und Alltagsgestaltung kennen Beschreibung: Die Kursteilnehmer\/Innen erfahren im Seminar,<\/p>\n","protected":false},"author":1,"featured_media":0,"parent":0,"menu_order":0,"comment_status":"closed","ping_status":"closed","template":"","meta":{"footnotes":""},"class_list":["post-418","page","type-page","status-publish","hentry"],"_links":{"self":[{"href":"https:\/\/www.ergoteam-demenz.at\/index.php?rest_route=\/wp\/v2\/pages\/418","targetHints":{"allow":["GET"]}}],"collection":[{"href":"https:\/\/www.ergoteam-demenz.at\/index.php?rest_route=\/wp\/v2\/pages"}],"about":[{"href":"https:\/\/www.ergoteam-demenz.at\/index.php?rest_route=\/wp\/v2\/types\/page"}],"author":[{"embeddable":true,"href":"https:\/\/www.ergoteam-demenz.at\/index.php?rest_route=\/wp\/v2\/users\/1"}],"replies":[{"embeddable":true,"href":"https:\/\/www.ergoteam-demenz.at\/index.php?rest_route=%2Fwp%2Fv2%2Fcomments&post=418"}],"version-history":[{"count":8,"href":"https:\/\/www.ergoteam-demenz.at\/index.php?rest_route=\/wp\/v2\/pages\/418\/revisions"}],"predecessor-version":[{"id":506,"href":"https:\/\/www.ergoteam-demenz.at\/index.php?rest_route=\/wp\/v2\/pages\/418\/revisions\/506"}],"wp:attachment":[{"href":"https:\/\/www.ergoteam-demenz.at\/index.php?rest_route=%2Fwp%2Fv2%2Fmedia&parent=418"}],"curies":[{"name":"wp","href":"https:\/\/api.w.org\/{rel}","templated":true}]}}