{"id":553,"date":"2019-03-15T15:38:30","date_gmt":"2019-03-15T14:38:30","guid":{"rendered":"http:\/\/www.ergoteam-demenz.at\/?page_id=553"},"modified":"2026-04-12T14:49:20","modified_gmt":"2026-04-12T12:49:20","slug":"datenschutzerklaerung","status":"publish","type":"page","link":"https:\/\/www.ergoteam-demenz.at\/?page_id=553","title":{"rendered":"Datenschutzerkl\u00e4rung"},"content":{"rendered":"<h2>Datenschutzerkl\u00e4rung<\/h2>\n<p>&nbsp;<\/p>\n<h4><strong><u>Verantwortliche<\/u><\/strong><\/h4>\n<p>Ergoteam Demenz<\/p>\n<p>Helga Fabianits, Edeltraud Cortolezis, Ulrike Selzer-Haslauer<br \/>\nTelefon:<\/p>\n<p>E-Mail: <a href=\"javascript:secureDecryptAndNavigate('AtkJHBt7uyq9SPUa1ps787uvpNgcyQF9hpTLJ0j2lNMXYS0+VBDAfAbLHlMfX1E1F41wOlG9vqMHltWbG3cRAsc7lOcP3UvxT0hNbew=', '4334c6176745c2cb430c0e2c3ac6e702269ab8068c55bd4a21a1d217071f12a4')\">ergoteam-demenz [at] gmx [dot] at<\/a><\/p>\n<p>Es ist <strong>kein<\/strong> Datenschutzbeauftragter bestellt, da dies gesetzlich nicht notwendig ist.<\/p>\n<p>&nbsp;<\/p>\n<h4><strong><u>Allgemeines<\/u><\/strong><\/h4>\n<p>Der Schutz und die Sicherheit Ihrer pers\u00f6nlichen Daten sind uns ein wichtiges Anliegen. Diese Webseite speichert und verarbeitet Daten daher ausschlie\u00dflich im Sinne der \u00f6sterreichischen und europ\u00e4ischen Datenschutzgrundverordnung (DSGVO). Sie als Nutzer stimmen der Datenverarbeitung im Sinne dieser Erkl\u00e4rung zu. Die aktuelle Fassung der DSG VO finden sie unter <a href=\"http:\/\/eur-lex.europa.eu\/legal-content\/DE\/TXT\/HTML\/?uri=CELEX:32016R0679&amp;from=DE\">http:\/\/eur-lex.europa.eu\/legal-content\/DE\/TXT\/HTML\/?uri=CELEX:32016R0679&amp;from=DE<\/a><\/p>\n<p>Diese Datenschutzerkl\u00e4rung bezieht sich nur auf diese Webseite. Falls Sie \u00fcber Links auf unseren Seiten auf andere Seiten weitergeleitet werden, informieren Sie sich direkt auf der weitergeleiteten Webseite \u00fcber den jeweiligen Umgang mit Ihren Daten. Ihre personenbezogenen Daten (z.B. Anrede, Name, Anschrift, E-Mail-Adresse, Telefonnummer) werden von uns nur gem\u00e4\u00df den Bestimmungen des \u00f6sterreichischen Datenschutzrechts verarbeitet. Die nachfolgenden Vorschriften informieren Sie \u00fcber Art, Umfang und Zweck der Erhebung, Verarbeitung und Nutzung personenbezogener Daten.<\/p>\n<p>Die Nutzung dieser Webseite ist in der Regel ohne Angabe personenbezogener Daten m\u00f6glich. Soweit auf unseren Seiten personenbezogene Daten (beispielsweise Name oder E-Mail-Adressen) erhoben werden, erfolgt dies, soweit m\u00f6glich, stets auf freiwilliger Basis. Diese Daten werden ohne Ihre ausdr\u00fcckliche Zustimmung nicht an Dritte weitergegeben.<\/p>\n<p>Wir weisen darauf hin, dass die Daten\u00fcbertragung im Internet (z.B. bei der Kommunikation per E-Mail, oder \u00fcber nicht verschl\u00fcsselte Webseiten) Sicherheitsl\u00fccken aufweisen kann. Ein l\u00fcckenloser Schutz der Daten vor dem Zugriff durch Dritte ist nicht m\u00f6glich.<\/p>\n<p>&nbsp;<\/p>\n<h4><strong><u>Betroffenenrechte<\/u><\/strong><\/h4>\n<p>Nach \u00f6sterreichischem Datenschutzrecht sowie der europ\u00e4ischen DSGVO stehen Ihnen als Betroffener umfangreiche Rechte zu. Diese Rechte sollen vor allem f\u00fcr mehr Transparenz sorgen. Ihre Rechte als betroffene Person sind das Recht auf Auskunft \u00fcber die Sie betreffenden personenbezogenen Daten, auf Berichtigung, L\u00f6schung, Einschr\u00e4nkung der Verarbeitung, Widerspruch gegen die Verarbeitung sowie auf Daten\u00fcbertragbarkeit (nur\u00a0 bei Vertragsbeziehung oder Einwilligung) und jederzeitigen Widerruf einer Einwilligung.<\/p>\n<p>Sie als betroffene Personen k\u00f6nnen ihre Rechte am Einfachsten durch eine E-Mail an <a href=\"javascript:secureDecryptAndNavigate('BS+LIUOMeXSTInk9\/zu5rcbdI8cgMciLj4kK1KJ9Fgseqkbvj3+8Rh0uuc69yYH4YNnFKSYxt1i8QxnOC9olPnEOEBOKyg==', '4334c6176745c2cb430c0e2c3ac6e702269ab8068c55bd4a21a1d217071f12a4')\">Muster [at] email [dot] at<\/a> aus\u00fcben oder auch durch pers\u00f6nliche Kontaktaufnahme.<\/p>\n<p>Dar\u00fcber hinaus haben Sie jederzeit das Recht, hinsichtlich der Verarbeitung Ihrer personenbezogenen Daten Beschwerde bei der Datenschutzbeh\u00f6rde einzubringen. Die Kontaktdaten der Datenschutzbeh\u00f6rde lauten:<\/p>\n<p>\u00d6sterreichische Datenschutzbeh\u00f6rde<br \/>\nWickenburggasse 8<br \/>\n1080 Wien<br \/>\nTelefon:\u00a0+43 1 521 52-25 69<br \/>\nE\u2011Mail: <a href=\"javascript:secureDecryptAndNavigate('kPlddnkatxr8CF+DKNha+K+jZgVmHC4b85xchlEDHqt9P9GKgSBExg7HSLN1iiKyyQlFQHNilGc0UQYsb18FW2WR5c4=', '4334c6176745c2cb430c0e2c3ac6e702269ab8068c55bd4a21a1d217071f12a4')\">dsb [at] dsb [dot] gv [dot] at<\/a><\/p>\n<p>&nbsp;<\/p>\n<h4><strong><u>Datenl\u00f6schung<\/u><\/strong><\/h4>\n<p>Ihre Daten werden gel\u00f6scht, sobald der jeweilige Vertrag mit Ihnen erf\u00fcllt ist und keine gesetzliche Pflicht zur Speicherung der Daten mehr besteht. So werden Ihre Daten grunds\u00e4tzlich nach sieben Jahren gel\u00f6scht; Aufbewahrungsfrist nach \u00a7 132 BAO.<\/p>\n<p>Gesetzliche\/rechtliche Aufbewahrungspflichten oder vertragliche Verpflichtungen z.B. gegen\u00fcber Kunden aus Gew\u00e4hrleistung oder Schadenersatz oder gegen\u00fcber Vertragspartnern sind eine Grundlage die personenbezogenen Daten weiterhin zu speichern. (Art 6 Abs 1 lit c DSGVO &#8211; Grundlage der Rechtm\u00e4\u00dfigkeit der Verarbeitung: gesetzliche \/ rechtliche Verpflichtung)<\/p>\n<p>&nbsp;<\/p>\n<h4><strong><u>Links<\/u><\/strong><\/h4>\n<p>Wir \u00fcberpr\u00fcfen Links, die unsere Webseite verlassen, redaktionell sehr sorgf\u00e4ltig. Trotzdem \u00fcbernehmen wir f\u00fcr Inhalte auf Seiten, auf die von dieser Webseite oder von einem anderen Internetauftritt aus gelinkt wird, keinerlei Verantwortung oder Haftung.<\/p>\n<p>&nbsp;<\/p>\n<h4><strong><u>E-Mail Anfrage<\/u><\/strong><\/h4>\n<p>Wenn Sie uns per E-Mail Anfragen zukommen lassen, werden Ihre Angaben inklusive der von Ihnen dort angegebenen Kontaktdaten zwecks Bearbeitung der Anfrage und f\u00fcr den Fall von Anschlussfragen bei uns gespeichert. Diese Daten geben wir nicht ohne Ihrer Einwilligung weiter.<\/p>\n<p>&nbsp;<\/p>\n<h4><strong><u>Bestandsdaten<\/u><\/strong><\/h4>\n<p>Ohne Ihre ausdr\u00fcckliche Einwilligung oder ohne gesetzliche Grundlage werden Ihre personenbezogenen Daten nicht an au\u00dferhalb der Vertragsabwicklung stehende Dritte weitergegeben. Nach vollst\u00e4ndiger Vertragsabwicklung werden Ihre Daten f\u00fcr die weitere Verwendung gesperrt. Nach Ablauf der steuer- und handelsrechtlichen Vorschriften werden diese Daten gel\u00f6scht, sofern Sie nicht ausdr\u00fccklich in die weitere Nutzung eingewilligt haben.<\/p>\n<p>Ihre personenbezogenen Daten, soweit diese f\u00fcr die Begr\u00fcndung, inhaltliche Ausgestaltung oder \u00c4nderung des Vertragsverh\u00e4ltnisses erforderlich sind (Bestandsdaten), werden ausschlie\u00dflich zur Vertragsabwicklung verwendet.<\/p>\n<p>&nbsp;<\/p>\n<h4><strong><u>SSL-Verschl\u00fcsselung<\/u><\/strong><\/h4>\n<p>Diese Seite nutzt aus Gr\u00fcnden der Sicherheit und zum Schutz der \u00dcbertragung vertraulicher Inhalte, wie zum Beispiel der Anfragen, die Sie an uns als Seitenbetreiber senden, eine SSL-Verschl\u00fcsselung. Eine verschl\u00fcsselte Verbindung erkennen Sie daran, dass die Adresszeile des Browsers von &#8222;http:\/\/&#8220; auf &#8222;https:\/\/&#8220; wechselt und an dem Schloss-Symbol in Ihrer Browserzeile.<\/p>\n<p>Wenn die SSL Verschl\u00fcsselung aktiviert ist, k\u00f6nnen die Daten, die Sie an uns \u00fcbermitteln, nicht von Dritten mitgelesen werden.<\/p>\n<p>&nbsp;<\/p>\n<h4><strong><u>Erhebung und Speicherung personenbezogener Daten; Art, Zweck und Verwendung<\/u><\/strong><\/h4>\n<p>Beim Aufrufen dieser Website werden durch den auf Ihrem Endger\u00e4t zum Einsatz kommenden Browser automatisch Informationen an den Server unserer Website gesendet. Diese Informationen werden tempor\u00e4r in einem sog. Logfile gespeichert. Folgende Informationen werden dabei ohne Ihr Zutun erfasst und bis zur automatisierten L\u00f6schung gespeichert:<\/p>\n<ul>\n<li>Informationen \u00fcber den Browsertyp und die verwendete Version<\/li>\n<li>Das Betriebssystem des Nutzers<\/li>\n<li>Den Internet-Service-Provider des Nutzers<\/li>\n<li>Die IP-Adresse des Nutzers<\/li>\n<li>Datum und Uhrzeit des Zugriffs<\/li>\n<li>Websites, von denen das System des Nutzers auf unsere Internetseite gelangt<\/li>\n<li>Websites, die vom System des Nutzers \u00fcber unsere Website aufgerufen werden<\/li>\n<\/ul>\n<p>&nbsp;<\/p>\n<p>Die Daten werden ebenfalls in den Logfiles unseres Systems gespeichert. Eine Speicherung dieser Daten zusammen mit anderen personenbezogenen Daten des Nutzers findet nicht statt.<\/p>\n<p><strong>Rechtsgrundlage f\u00fcr die Datenverarbeitung<\/strong><\/p>\n<p>Rechtsgrundlage f\u00fcr die vor\u00fcbergehende Speicherung der Daten und der Logfiles ist Art. 6 Abs. 1 lit. f DSGVO.<\/p>\n<p><strong>Zweck der Datenverarbeitung<\/strong><\/p>\n<p>Die vor\u00fcbergehende Speicherung der IP-Adresse durch das System ist notwendig, um eine Auslieferung der Website an den Rechner des Nutzers zu erm\u00f6glichen. Hierf\u00fcr muss die IP-Adresse des Nutzers f\u00fcr die Dauer der Sitzung gespeichert bleiben.<\/p>\n<p>Die Speicherung in Logfiles erfolgt, um die Funktionsf\u00e4higkeit der Website sicherzustellen. Zudem dienen uns die Daten zur Optimierung der Website und zur Sicherstellung der Sicherheit unserer informationstechnischen Systeme. Eine Auswertung der Daten zu Marketingzwecken findet in diesem Zusammenhang nicht statt.<\/p>\n<p>In diesen Zwecken liegt auch unser berechtigtes Interesse an der Datenverarbeitung nach Art. 6 Abs. 1 lit. f DSGVO.<\/p>\n<p><strong>Dauer der Speicherung<\/strong><\/p>\n<p>Die Daten werden gel\u00f6scht, sobald sie f\u00fcr die Erreichung des Zweckes ihrer Erhebung nicht mehr erforderlich sind. Im Falle der Erfassung der Daten zur Bereitstellung der Website ist dies der Fall, wenn die jeweilige Sitzung beendet ist. Im Falle der Speicherung der Daten in Logfiles ist dies nach sp\u00e4testens sieben Tagen der Fall. Eine dar\u00fcberhinausgehende Speicherung ist m\u00f6glich. In diesem Fall werden die IP-Adressen der Nutzer gel\u00f6scht oder verfremdet, sodass eine Zuordnung des aufrufenden Clients nicht mehr m\u00f6glich ist.<\/p>\n<p><strong>Widerspruchs- und Beseitigungsm\u00f6glichkeit<\/strong><\/p>\n<p>Die Erfassung der Daten zur Bereitstellung der Website und die Speicherung der Daten in Logfiles ist f\u00fcr den Betrieb der Internetseite zwingend erforderlich. Es besteht folglich seitens des Nutzers keine Widerspruchsm\u00f6glichkeit.<\/p>\n<p>&nbsp;<\/p>\n<h4><strong><u>Datensicherheit<\/u><\/strong><\/h4>\n<p>Der Anbieter setzt technische und organisatorische Sicherheitsma\u00dfnahmen ein, um die von den Nutzerinnen bzw. Nutzern durch den Anbieter gespeicherten Daten gegen zuf\u00e4llige oder vors\u00e4tzliche Manipulation, Verlust, Zerst\u00f6rung oder gegen den Zugriff unberechtigter Personen zu sch\u00fctzen. Datentransfers zwischen Dienstleistern werden mit dem SSL-Verfahren (Secure Socket Layer) durchgef\u00fchrt. Diese Software verschl\u00fcsselt in diesem Fall alle Informationen, die von Unterst\u00fctzerinnen und Unterst\u00fctzern und an diese \u00fcbermittelt werden.<\/p>\n<p>Alle Daten werden auf dem Server von dieser Webseite bzw. auf den Servern unserer Dienstleister, mit denen Vertr\u00e4ge zur Auftragsverarbeitung nach \u00a7 28 DSGVO mit entsprechender Pr\u00fcfung abgeschlossen wurden, gespeichert.<\/p>\n<p>&nbsp;<\/p>\n<p>Bei Fragen wenden Sie sich bitte an folgende E-Mail-Adresse: <a href=\"javascript:secureDecryptAndNavigate('LoVIgAA9K4Mv8WmTrR5n4tV\/tdC61Y9hg5mlGYHDKKW25B8trXL3mUQN6Lm+hzh44vkO2EFS3Nn9kesEb+8iisJvQExlL0xldaOt+eI=', '4334c6176745c2cb430c0e2c3ac6e702269ab8068c55bd4a21a1d217071f12a4')\">ergoteam-demenz [at] gmx [dot] at<\/a><\/p>\n","protected":false},"excerpt":{"rendered":"<p>Datenschutzerkl\u00e4rung &nbsp; Verantwortliche Ergoteam Demenz Helga Fabianits, Edeltraud Cortolezis, Ulrike Selzer-Haslauer Telefon: E-Mail: ergoteam-demenz [at] gmx [dot] at Es ist kein Datenschutzbeauftragter bestellt, da dies gesetzlich nicht notwendig ist. &nbsp; Allgemeines Der Schutz und die Sicherheit Ihrer pers\u00f6nlichen Daten sind uns ein wichtiges Anliegen. Diese Webseite speichert und verarbeitet Daten daher ausschlie\u00dflich im Sinne der<\/p>\n","protected":false},"author":1,"featured_media":0,"parent":0,"menu_order":0,"comment_status":"closed","ping_status":"closed","template":"","meta":{"footnotes":""},"class_list":["post-553","page","type-page","status-publish","hentry"],"_links":{"self":[{"href":"https:\/\/www.ergoteam-demenz.at\/index.php?rest_route=\/wp\/v2\/pages\/553","targetHints":{"allow":["GET"]}}],"collection":[{"href":"https:\/\/www.ergoteam-demenz.at\/index.php?rest_route=\/wp\/v2\/pages"}],"about":[{"href":"https:\/\/www.ergoteam-demenz.at\/index.php?rest_route=\/wp\/v2\/types\/page"}],"author":[{"embeddable":true,"href":"https:\/\/www.ergoteam-demenz.at\/index.php?rest_route=\/wp\/v2\/users\/1"}],"replies":[{"embeddable":true,"href":"https:\/\/www.ergoteam-demenz.at\/index.php?rest_route=%2Fwp%2Fv2%2Fcomments&post=553"}],"version-history":[{"count":9,"href":"https:\/\/www.ergoteam-demenz.at\/index.php?rest_route=\/wp\/v2\/pages\/553\/revisions"}],"predecessor-version":[{"id":628,"href":"https:\/\/www.ergoteam-demenz.at\/index.php?rest_route=\/wp\/v2\/pages\/553\/revisions\/628"}],"wp:attachment":[{"href":"https:\/\/www.ergoteam-demenz.at\/index.php?rest_route=%2Fwp%2Fv2%2Fmedia&parent=553"}],"curies":[{"name":"wp","href":"https:\/\/api.w.org\/{rel}","templated":true}]}}